{"id":36,"date":"2015-05-18T19:52:34","date_gmt":"2015-05-18T17:52:34","guid":{"rendered":"http:\/\/poumriubregos.fpa.cat\/?page_id=36"},"modified":"2015-05-20T19:43:25","modified_gmt":"2015-05-20T17:43:25","slug":"opina-i-participa","status":"publish","type":"page","link":"https:\/\/poumriubregos.fpa.cat\/?page_id=36","title":{"rendered":"Opina i Participa"},"content":{"rendered":"<h6><span style=\"color: #993300;\">La vostra opini\u00f3 \u00e9s important!<\/span><\/h6>\n<p>Per aix\u00f2 us agrair\u00edem que particip\u00e9ssiu en l\u2019elaboraci\u00f3 del POUM:<\/p>\n<ul>\n<li>Responent l<a href=\"http:\/\/poumriubregos.fpa.cat\/?page_id=4\" target=\"_blank\">\u2019enquesta online<\/a> de percepci\u00f3 ciutadana<\/li>\n<li>Amb els vostres suggeriments, propostes i comentaris a trav\u00e9s d\u2019aquest <a href=\"http:\/\/poumriubregos.fpa.cat\/?page_id=96\">registre<\/a><\/li>\n<li>Visitant l\u2019oficina del POUM, d\u2019atenci\u00f3 al ciutad\u00e0, que romandr\u00e0 oberta durant els dos periodes d\u2019informaci\u00f3 p\u00fablica (avan\u00e7 i inicial). Cal concertar visita trucant al tel\u00e8fon\u00a093 869 30 31<\/li>\n<\/ul>\n","protected":false},"excerpt":{"rendered":"<p>La vostra opini\u00f3 \u00e9s important! Per aix\u00f2 us agrair\u00edem que particip\u00e9ssiu en l\u2019elaboraci\u00f3 del POUM: Responent l\u2019enquesta online de percepci\u00f3 ciutadana Amb els vostres suggeriments, propostes i comentaris a trav\u00e9s d\u2019aquest registre Visitant l\u2019oficina del POUM, d\u2019atenci\u00f3 al ciutad\u00e0, que romandr\u00e0 oberta durant els dos periodes d\u2019informaci\u00f3 p\u00fablica (avan\u00e7 i inicial). Cal concertar visita trucant &hellip; <a href=\"https:\/\/poumriubregos.fpa.cat\/?page_id=36\" class=\"more-link\">Continua la lectura de <span class=\"screen-reader-text\">Opina i Participa<\/span> <span class=\"meta-nav\">&rarr;<\/span><\/a><\/p>\n","protected":false},"author":1,"featured_media":0,"parent":0,"menu_order":0,"comment_status":"closed","ping_status":"open","template":"","meta":{"_mc_calendar":[]},"_links":{"self":[{"href":"https:\/\/poumriubregos.fpa.cat\/index.php?rest_route=\/wp\/v2\/pages\/36"}],"collection":[{"href":"https:\/\/poumriubregos.fpa.cat\/index.php?rest_route=\/wp\/v2\/pages"}],"about":[{"href":"https:\/\/poumriubregos.fpa.cat\/index.php?rest_route=\/wp\/v2\/types\/page"}],"author":[{"embeddable":true,"href":"https:\/\/poumriubregos.fpa.cat\/index.php?rest_route=\/wp\/v2\/users\/1"}],"replies":[{"embeddable":true,"href":"https:\/\/poumriubregos.fpa.cat\/index.php?rest_route=%2Fwp%2Fv2%2Fcomments&post=36"}],"version-history":[{"count":5,"href":"https:\/\/poumriubregos.fpa.cat\/index.php?rest_route=\/wp\/v2\/pages\/36\/revisions"}],"predecessor-version":[{"id":102,"href":"https:\/\/poumriubregos.fpa.cat\/index.php?rest_route=\/wp\/v2\/pages\/36\/revisions\/102"}],"wp:attachment":[{"href":"https:\/\/poumriubregos.fpa.cat\/index.php?rest_route=%2Fwp%2Fv2%2Fmedia&parent=36"}],"curies":[{"name":"wp","href":"https:\/\/api.w.org\/{rel}","templated":true}]}}